 (-2)/2*(-22 - l). What is the units digit of (-5)/j + (-71)/(-5)?
4
Let h(m) = m + 11. Suppose -3*z + 3*k + 15 = -24, 37 = 4*z + k. Let n = 2 - z. What is the units digit of h(n)?
3
Suppose -c - 3*b - 18 = -4*c, -4*b = 3*c - 4. What is the units digit of -3*(-4)/6 + c?
6
Let b = 2 + 13. What is the units digit of b?
5
Suppose p + 0*p + 44 = 5*z, -4*z - 5*p = -12. Suppose -4*d + z = 0, 4*d - 10 = 2*l - 0. Let u = 3 + l. What is the units digit of u?
2
Let a = -6 - -14. Let c(x) = x**2 - 5*x - 10. What is the tens digit of c(a)?
1
Let q(j) = j**3 - 4*j**2 - j + 3. Let t be q(4). What is the units digit of ((-44)/4 - -2)*t?
9
Suppose -a = -r - 5*a + 10, -5*r = -a - 8. Suppose -r*z + 5*d + 10 = 3*z, -4 = -2*d. What is the units digit of z?
4
Let t = 6 - 4. Let b be (8 - t)*1/3. Suppose -n = -b*i + 7, 2*i - 9 = -2*i - 3*n. What is the units digit of i?
3
Suppose -2*v = -t - 120, 2*v + 3*t - 48 = 56. What is the units digit of v?
8
Let u be (0/(-1))/(-1) - -5. Suppose 0 = -4*l - u*y + 90 - 3, 2 = -2*y. Let o = l - 4. What is the units digit of o?
9
Let h(x) = 2*x. Let a be h(1). Let p(s) = -s**2 + a*s - 4 + 7*s**2 + s**3 - 3. What is the units digit of p(-5)?
8
Let x(l) = -9*l - 22. What is the tens digit of x(-6)?
3
Let b be (2/5)/(3/15). Let k(y) = -5 + b*y - y + y. What is the units digit of k(7)?
9
Suppose -t - 3*z + 38 = 0, 0 = 5*z - 6 + 1. Suppose -t = -4*x - x. What is the units digit of x?
7
Suppose 6*f = 2*f - 20. Let w be (-5)/3*(-8 - f). Suppose -24 = b + w*j, -5 + 24 = 4*b - 3*j. What is the units digit of b?
1
Let j(v) = v**3 - 3*v**2 + 4*v - 3. Let t be (2 - (-9)/(-2))*4. Let i be 4/t - (-34)/10. What is the units digit of j(i)?
9
Let u be (1 - 31) + (0 - -2). Suppose 0 = z - 4*k + 25, -4 = -5*k + 6. Let y = z - u. What is the units digit of y?
1
Let x = 142 + -92. What is the tens digit of x?
5
Suppose 0 = j - 0 - 1. Suppose -2 - j = o. Let u = o - -5. What is the units digit of u?
2
What is the units digit of 473/6 - (-1)/6?
9
Let s(h) = 19*h + 1. Let v be s(-2). Let r = -22 - v. What is the units digit of r?
5
Suppose 0 = a + x + 4, -4*x = 4*a + a + 18. Let l = -11 + 21. What is the units digit of l/(-4)*(a - 0)?
5
Let c(m) = -m**2 - 4*m + 4. Let n be c(-5). Let s = 0 + n. What is the units digit of (5/(-2))/(s/2)?
5
Suppose 0 = -5*n + 12 - 2. Suppose -2*f - 3*f + 91 = -2*l, 0 = 4*f + n*l - 62. Let j = f + 1. What is the units digit of j?
8
Let l = -31 - -68. What is the tens digit of l?
3
Suppose x + 4*x - 160 = 0. What is the tens digit of x?
3
Suppose x = 5*x + 3*q - 48, 5*x - 60 = -2*q. Let b = -4 + x. What is the units digit of b?
8
Let l(d) = 3 - 4 + 2 - 3*d + 0. What is the units digit of l(-3)?
0
Let p = -6 - -24. What is the tens digit of p?
1
Suppose 0 = -9*c + 728 + 496. What is the tens digit of c?
3
Let k be (0 - -1) + (4 - 6). What is the units digit of 2 + k - (-8 - -8)?
1
Let w = 3 + -1. Let u(c) = 4*c**2 - 3 + 2*c**w + c - c**3 + 5. What is the units digit of u(6)?
8
Let b = 5 - 3. Let o = 6 - b. Let f(y) = 2*y**2 - 5*y. What is the units digit of f(o)?
2
Let v(m) be the third derivative of -m**4/24 + 3*m**3 - m**2. What is the units digit of v(0)?
8
Suppose 0 = 2*i - 4*u - u - 82, -4*u - 164 = -4*i. What is the units digit of i?
1
Suppose 2*v - 11 = -3. Let k(i) = -i**3 + 4*i**2 + 2*i - 6. Let u be k(v). Suppose 0 = 2*w - 10 - u. What is the units digit of w?
6
Let d(i) = i**3 - 8*i**2 + 8*i - 7. Let p(v) = v + 2. Let f be p(5). Let h be d(f). Suppose -z + 12 + 0 = h. What is the units digit of z?
2
Let x = 0 + 1. Suppose 1 = 2*o + 2*c - 1, -c + x = -o. Suppose -3 = f - o*f + 3*l, -3*f + 5*l = -33. What is the units digit of f?
6
Let m(r) = -2*r - 10. Let j be m(-9). Suppose -2*k + 8 = -j. What is the units digit of k?
8
Let l = -1 + -1. Let z be -1 + 3 + (-2)/l. Let s = 7 - z. What is the units digit of s?
4
Suppose -25 = 5*w, 5*t - 2*t - 5*w - 34 = 0. Suppose -4*b + t*c = -1, -2*c + 2 = -2*b - 0*c. What is the units digit of b?
4
Suppose -46 + 1 = -n - 3*l, -n - l + 45 = 0. What is the units digit of n?
5
Suppose 2*i - 4*i = -40. Suppose -4*b + 3*k + 4 = -56, -i = -5*k. What is the tens digit of b?
1
Let j(q) = -q**3 + 6*q**2 - q + 5. Let i be j(6). Let s = i - -7. What is the units digit of s?
6
Suppose 2*z = -4*j - 110, z + 2*j - 125 = 4*z. Let r = 67 + z. What is the units digit of r?
2
Let p(m) = 7*m + 15. Let o(u) = -11*u - 23. Let c(k) = -5*o(k) - 8*p(k). Let l be c(-10). Suppose -v - 7 - 54 = -l*i, -i + v = -9. What is the tens digit of i?
1
Suppose -8 - 58 = 2*v. Let m = -22 - v. What is the units digit of m?
1
Suppose 0 = 5*v + 5, 0*n - 4*v + 4 = 2*n. Suppose -576 = 5*j - 13*j. Suppose -j = -4*c - n*o, -3*o + 12 = -0*o. What is the tens digit of c?
1
Let k be 30/(-4)*(-32)/40. Let h(c) = -c**2 + 10*c - 7. What is the units digit of h(k)?
7
Let d = -82 - -137. What is the tens digit of d?
5
Suppose -x + c + 4*c - 4 = 0, x + c + 22 = 0. Let t = x - -9. What is the units digit of (-26)/t - (-2)/5?
3
Let w = -8 - -29. What is the tens digit of w?
2
Let f = 1 + 23. Suppose -g + 2*l + f = 0, 2*l = -5*g - 2*l + 176. Suppose 0 = 4*s - 4 - g. What is the units digit of s?
9
Suppose 3*w = 3*t - 30, t + 3*t = -2*w - 44. Let b = w + 22. Suppose -f = -0*f - b. What is the units digit of f?
8
Let t = 3 + -1. Let i be t/12 + 3/(-18). Let q = 3 + i. What is the units digit of q?
3
Suppose 2*k - 8 = -0. Let j(v) = 2*v - k*v + v. What is the units digit of j(-4)?
4
Let w be (-1620)/35 + 2/7. Let i = 76 + w. What is the units digit of i?
0
Suppose y = -5*y + 450. What is the units digit of y?
5
Suppose 112 = 5*f - f. What is the units digit of f?
8
What is the units digit of (-3)/(-6*4/64)?
8
Suppose 0 = 2*g + 3*g - 695. What is the hundreds digit of g?
1
Let i(t) = -t + 8. Suppose 3*g + 18 = 6*g. What is the units digit of i(g)?
2
Suppose -2*w + 0*w = 0. Suppose w = -2*l - 3*b + 17, -6*l + l + 15 = 2*b. What is the units digit of l?
1
Suppose 37 = s - 2*p, -2*p = -4*s + 3*p + 142. What is the units digit of s?
3
Suppose 2*j - 5*j = -6. Suppose 0 = j*t + 3 - 13. What is the units digit of t?
5
Let n be (-13)/(-4) - 18/(-24). Let z = n - 6. What is the tens digit of ((-2)/z)/((-4)/(-56))?
1
Let l = 9 + -6. Suppose l*k = 7*k - 128. What is the units digit of k?
2
Let t(k) = k**2 - 7*k + 6. Let s be t(5). Let l(g) = g**2 + 5*g - 3. Let b be l(s). What is the units digit of 6*(b/(-3) - 1)?
8
Let v(k) = -67*k + 2. Let j be v(-1). Suppose 4*h - h = j. What is the tens digit of h?
2
Suppose -5*n = -321 - 269. What is the hundreds digit of n?
1
Suppose 407 = y - 0*y - 2*k, -y = k - 419. What is the tens digit of y?
1
What is the tens digit of (2 + 2 + -1)*82/3?
8
Suppose 0*w = 5*w - 160. What is the units digit of w?
2
Let z = 8 - 4. Suppose -4*b = -3*q + 48, z*q - 57 = -0*q + 3*b. What is the tens digit of q?
1
Suppose -j + 1 = -16. What is the tens digit of j?
1
Let q(r) = -r**2 - 5*r + 6. Let c be q(-6). Suppose c = -5*u + 10. Suppose u*v = 5*v - 24. What is the units digit of v?
8
What is the units digit of 77 - -8*4/8?
1
Let r be (-3)/(2/3 - 1). Let g = r - -1. Suppose 0 = 5*s - 0 - g. What is the units digit of s?
2
Suppose -6 = -v - 1, -2*k + 3*v - 1 = 0. What is the units digit of k?
7
Let n(s) be the first derivative of 47*s**3/3 - s**2/2 - 2*s - 5. What is the units digit of n(-1)?
6
What is the tens digit of ((-5)/2)/(2/(-28))?
3
Let u be (2 - 1) + -3 + 1. Let i(c) = -5*c - 1. Let y be i(u). What is the units digit of (0/2 - 0) + y?
4
Suppose -2*q + 12 = -q. Let g = q + -4. What is the units digit of g?
8
What is the hundreds digit of (-10)/20*(-2 - -426)/(-2)?
1
Let b(m) be the first derivative of 1/2*m**2 + 3*m + 2. What is the units digit of b(-2)?
1
Let q(m) be the first derivative of m**4/6 - m**3/3 - 3*m**2/2 - 2*m - 3. Let v(i) be the first derivative of q(i). What is the units digit of v(-2)?
9
Let l(q) = -3*q**3 - 4*q**2 - 6*q. What is the tens digit of l(-4)?
5
Suppose 2*a - 27 = -5*w, -2*w = -a + 2*a - 11. Suppose w*o = -5*r + 65, -o + 22 = -r - r. What is the tens digit of o?
1
Let h = 20 - 13. Suppose 0*a - a + 8 = 3*o, 0 = 5*o - 4*a - 19. Let q = h - o. What is the units digit of q?
4
Suppose -32 = 2*y - 186. What is the tens digit of y?
7
Suppose -747 = -3*b + 3*i, 4*b = -i + 621 + 350. What is the 